{"id":14,"date":"2012-01-11T11:38:28","date_gmt":"2012-01-11T11:38:28","guid":{"rendered":"http:\/\/www.sitoesempio.artediretta.it\/?page_id=10"},"modified":"2026-05-05T15:56:17","modified_gmt":"2026-05-05T15:56:17","slug":"mostre","status":"publish","type":"page","link":"https:\/\/catiacannata.it\/?page_id=14","title":{"rendered":"Mostre"},"content":{"rendered":"<p>&nbsp;<\/p>\n<ul>\n<li>15-22 maggio 2026 Mostra collettiva d&#8217;arte &#8220;<em>Arte Nella Luce Dei Secoli :&nbsp; Roma<\/em>&#8221; Galleria La Pigna &#8211; via Della Pigna 13\/A Roma, PALAZZO MAFFEI MARESCOTTI (sede del Vicariato Vaticano)<\/li>\n<li>14-24 febbraio 2026 Mostra collettiva d&#8217;arte &#8220;<em>Dal Carnevale Alla Biennale: Venezia in Mostra<\/em>&#8221; PALAZZO PISANI REVEDIN -Colle San Paternian San Marco 4013\/A Venezia<\/li>\n<li>11 dicembre 2025 \/ 07 gennaio 2026 Mostra collettiva &#8220;<em>Armonie Natalizie, l&#8217; arte nel cuore di Napoli<\/em>&#8221; presso la Soul Art Gallery di Napoli, piazza Carit\u00e0 32 Napoli (NA)<\/li>\n<li>\n<div dir=\"auto\">20 settembre-18 ottobre 2025, MOSTRA D&#8217;ARTE PERSONALE, &#8220;<em>Una storia fatta di storie&#8221;<\/em><\/div>\n<div dir=\"auto\">Galleria Fossa, biblioteca comunale Villa Burba Rho (MI)<\/div>\n<\/li>\n<li>21-30 settembre 2025, Mostra collettiva <em>&#8220;Arte e Bellezza&#8221; <\/em>Centro Multimediale Mario Cacace \u201cEden Paradiso\u201d di Anacapri, isola di Capri (NA)<\/li>\n<li>26 luglio al 3 agosto 2025, Mostra collettiva \u201c<em>Tracce di speranza nell&#8217;arte<\/em>\u201d presso la&nbsp; Sala Consiliare, municipio di Vietri sul Mare (SA)<\/li>\n<li>07-14 giugno 2025, Mostra collettiva <em>\u201cViaggio nei sentimenti attraverso l\u2019arte\u201d&nbsp; &nbsp; <\/em>, SPAZIO SV &#8211; centro espositivo San Vidal, Venezia (VE)<\/li>\n<li>24 maggio -15 giugno 2025 Mostra collettiva &#8220;<em>Sguardi e forme tra corpo e identit\u00e0 &#8220;<\/em> Abbazia del Polirone Citt\u00e0 di San Benedetto Po (MN)<\/li>\n<li>25-28 maggio 2012 <a href=\"http:\/\/www.premioceleste.it\/ita_artista_news\/idu:44337\/idn:12495\/#12495\">UNICEF ARTE &#8211; Il sorriso di Roberta per l&#8217;UNICEF &#8211; progetto ricostruire l&#8217;infanzia <\/a>Un progetto di altissimo valore sociale \u00e8 quello che si svolger\u00e0 a Milazzo (ME) .La sala a vetri del Paladiana far\u00e0 da cornice alla quarta edizione del sorriso di Roberta per l\u2019UNICEF.<\/li>\n<li>31 marzo-22 aprile 2012 &#8220;IL RITRATTO E L&#8217;ANIMA&#8230;tra pittura,scultura e fotografia&#8221; Palazzo Ducale di Revere (MN)<\/li>\n<li>1 febbraio 2012 \/ 06 marzo 2012<br>Mostra Personale al Divina caf\u00e8 Busto Arsizio (VA)<\/li>\n<li>15-30 gennaio 2012 &#8220;39 concorso Internazionale d&#8217;arte Epifania 2012&#8221; galleria Eustachi di MILANO.<\/li>\n<li>15-30 dicembre 2011 mostra collettiva GRAFFI a Milano Studio Iroko via Voghera 11\/b<\/li>\n<li>10-17 dicembre 2011 EXPO INTERNAZIONALE DI ARTI VISIVE &#8220;Il richiamo della foresta&#8221; VILLA PISANI STRA (VE)<\/li>\n<li>12-26 novembre 2011,Mostra collettiva 30&#215;30 LIBERE VARIAZIONI CONTEMPORANEE &#8211; GALLERIA ARIELE &#8211; TORINO<\/li>\n<li>15-16 ottobre 2011 &#8220;ASCO DUOMO&#8221; Mostra\u2028IL DUOMO INCONTRA L&#8217;ARTE XXXII EDIZIONE- MILANO<\/li>\n<li>24-25 settembre 2011 Esposizione collettiva &#8220;Abano le terme dell&#8217;arte&#8221; 5\u00b0 edizione- Abano terme (PD)&nbsp;<\/li>\n<\/ul>\n\n\n<p><\/p>\n\n\n\n<h2 class=\"wp-block-heading\"><\/h2>\n","protected":false},"excerpt":{"rendered":"<p>&nbsp; 15-22 maggio 2026 Mostra collettiva d&#8217;arte &#8220;Arte Nella Luce Dei Secoli :&nbsp; Roma&#8221; Galleria La Pigna &#8211; via Della Pigna 13\/A Roma, PALAZZO MAFFEI MARESCOTTI (sede del Vicariato Vaticano) 14-24 febbraio 2026 Mostra collettiva d&#8217;arte &#8220;Dal Carnevale Alla Biennale: &hellip; <a href=\"https:\/\/catiacannata.it\/?page_id=14\">Continua a leggere<span class=\"meta-nav\">&rarr;<\/span><\/a><\/p>\n","protected":false},"author":1,"featured_media":0,"parent":0,"menu_order":0,"comment_status":"closed","ping_status":"closed","template":"","meta":{"ngg_post_thumbnail":0,"footnotes":""},"categories":[],"tags":[],"class_list":["post-14","page","type-page","status-publish","hentry"],"aioseo_notices":[],"_links":{"self":[{"href":"https:\/\/catiacannata.it\/index.php?rest_route=\/wp\/v2\/pages\/14","targetHints":{"allow":["GET"]}}],"collection":[{"href":"https:\/\/catiacannata.it\/index.php?rest_route=\/wp\/v2\/pages"}],"about":[{"href":"https:\/\/catiacannata.it\/index.php?rest_route=\/wp\/v2\/types\/page"}],"author":[{"embeddable":true,"href":"https:\/\/catiacannata.it\/index.php?rest_route=\/wp\/v2\/users\/1"}],"replies":[{"embeddable":true,"href":"https:\/\/catiacannata.it\/index.php?rest_route=%2Fwp%2Fv2%2Fcomments&post=14"}],"version-history":[{"count":10,"href":"https:\/\/catiacannata.it\/index.php?rest_route=\/wp\/v2\/pages\/14\/revisions"}],"predecessor-version":[{"id":749,"href":"https:\/\/catiacannata.it\/index.php?rest_route=\/wp\/v2\/pages\/14\/revisions\/749"}],"wp:attachment":[{"href":"https:\/\/catiacannata.it\/index.php?rest_route=%2Fwp%2Fv2%2Fmedia&parent=14"}],"wp:term":[{"taxonomy":"category","embeddable":true,"href":"https:\/\/catiacannata.it\/index.php?rest_route=%2Fwp%2Fv2%2Fcategories&post=14"},{"taxonomy":"post_tag","embeddable":true,"href":"https:\/\/catiacannata.it\/index.php?rest_route=%2Fwp%2Fv2%2Ftags&post=14"}],"curies":[{"name":"wp","href":"https:\/\/api.w.org\/{rel}","templated":true}]}}